.
7
What is the highest common divisor of 1861939246 and 6834?
2278
What is the highest common factor of 16352 and 1120?
224
What is the greatest common divisor of 1285245 and 442?
13
Calculate the highest common factor of 1812 and 80952.
12
Calculate the highest common factor of 21 and 40622162.
7
What is the highest common divisor of 71788 and 18693376?
548
What is the highest common factor of 5889 and 7572801?
453
Calculate the highest common divisor of 185 and 4402085.
5
What is the highest common factor of 51970 and 40730?
10
What is the greatest common factor of 50265536 and 23680?
2368
What is the highest common factor of 968 and 176914100?
484
What is the greatest common divisor of 939 and 144099?
3
Calculate the highest common factor of 10241682 and 847.
121
What is the highest common divisor of 11784052 and 1372?
28
What is the highest common factor of 24030 and 13267230?
2670
Calculate the greatest common factor of 14475940 and 320.
20
What is the highest common divisor of 8916439 and 2555?
511
Calculate the highest common factor of 4470 and 43530.
30
Calculate the greatest common divisor of 2619096 and 24.
24
Calculate the highest common factor of 622143763 and 1307.
1307
Calculate the highest common factor of 11 and 1169364.
1
What is the greatest common divisor of 3836 and 4975292?
3836
What is the greatest common divisor of 6 and 317959602?
6
Calculate the greatest common factor of 11067 and 2769249.
357
Calculate the greatest common factor of 11781 and 12812373.
1071
What is the highest common factor of 184215 and 465?
15
What is the greatest common factor of 37557 and 68320356?
4173
Calculate the highest common divisor of 5672692 and 740.
148
Calculate the greatest common divisor of 80 and 221830390.
10
Calculate the greatest common divisor of 101210 and 25810.
290
Calculate the highest common divisor of 38200476 and 180.
12
What is the highest common factor of 24794 and 759253?
253
What is the greatest common factor of 14 and 2969897?
7
Calculate the highest common divisor of 430 and 370210.
10
Calculate the highest common factor of 7251914 and 5626.
5626
What is the highest common divisor of 344712 and 111406?
106
What is the greatest common divisor of 30288 and 855300?
12
What is the greatest common factor of 136609 and 1211089?
121
What is the highest common factor of 83655 and 568395?
45
Calculate the greatest common factor of 2846970990 and 10935.
10935
Calculate the greatest common factor of 440031 and 918.
3
What is the greatest common factor of 2352250 and 1590800?
4850
What is the highest common factor of 45 and 24448995?
45
What is the highest common factor of 74 and 84057562?
74
Calculate the highest common factor of 202636402 and 593.
593
Calculate the highest common factor of 14704627 and 770.
7
Calculate the highest common factor of 96321 and 67221.
291
What is the highest common factor of 21494 and 428903?
977
What is the greatest common factor of 35670 and 117160?
290
What is the greatest common factor of 8 and 100726?
2
Calculate the highest common divisor of 598496 and 14752.
32
Calculate the greatest common factor of 29960 and 18303320.
280
Calculate the highest common divisor of 21905340 and 132.
12
What is the greatest common divisor of 44 and 171542987?
11
Calculate the greatest common factor of 1432352 and 26656.
544
What is the greatest common divisor of 38786265 and 85?
85
Calculate the greatest common factor of 367216 and 255824.
944
What is the highest common factor of 28396355 and 3040?
95
Calculate the greatest common factor of 82956714 and 186.
6
What is the greatest common divisor of 605 and 104896?
11
Calculate the highest common factor of 89181 and 388557.
243
What is the greatest common divisor of 161724 and 158352?
12
Calculate the highest common factor of 64077094 and 256558.
6934
Calculate the greatest common factor of 28496466 and 3492.
1746
What is the highest common factor of 130794638 and 7384?
1846
What is the highest common divisor of 11694 and 126162668?
3898
Calculate the greatest common factor of 48 and 566563728.
48
What is the highest common divisor of 2808 and 1176309?
27
Calculate the greatest common factor of 170211714 and 2634.
2634
What is the highest common factor of 1705778 and 28?
2
Calculate the greatest common factor of 472 and 1619367808.
472
What is the greatest common divisor of 14 and 1696366?
14
What is the greatest common factor of 1034 and 5266115?
47
What is the greatest common factor of 4460490 and 270?
90
Calculate the highest common divisor of 12181750 and 1500.
250
What is the highest common factor of 9202567 and 1364?
341
What is the highest common divisor of 2032 and 90825193?
127
What is the greatest common divisor of 147452 and 3538084?
764
What is the highest common divisor of 9791592 and 3296?
824
What is the greatest common divisor of 914622 and 9690?
114
What is the highest common factor of 37777629 and 333?
111
What is the highest common factor of 17567650 and 175?
25
What is the highest common factor of 8611 and 16135706?
109
What is the greatest common factor of 160683031 and 17?
17
Calculate the highest common divisor of 7566 and 291954.
78
Calculate the highest common divisor of 8949 and 152874.
57
What is the highest common divisor of 114 and 428268?
6
What is the highest common divisor of 12374947 and 39?
13
What is the greatest common factor of 145 and 49657280?
145
What is the highest common factor of 154920 and 526?
2
Calculate the highest common divisor of 6707 and 1920673.
353
Calculate the greatest common factor of 40534840 and 80.
40
Calculate the highest common divisor of 2653689 and 948.
237
What is the greatest common factor of 2939595 and 275?
5
Calculate the highest common factor of 282012932 and 340.
68
Calculate the highest common factor of 9852 and 2613.
3
What is the greatest common factor of 10925805 and 3795?
3795
Calculate the highest common factor of 6112 and 11168.
32
What is the highest common divisor of 798 and 550735311?
399
What is the highest common factor of 158485017 and 18384?
1149
What is the greatest common divisor of 11426 and 103622?
394
What is the greatest common divisor of 15792 and 6357408?
2256
What is the highest common divisor of 136 and 134089846?
34
What is the greatest common factor of 4240 and 112628710?
530
Calculate the greatest common factor of 625 and 8129555.
5
What is the highest common divisor of 220 and 797247?
11
Calculate the greatest common factor of 574853 and 2152.
269
What is the greatest common factor of 5207659 and 961?
961
Calculate the greatest common divisor of 267288315 and 84.
21
What is the highest common divisor of 5096 and 46774?
182
Calculate the greatest common divisor of 60686 and 1442347.
19
Calculate the highest common divisor of 32444588 and 4532.
4532
What is the greatest common factor of 508108 and 472?
236
Calculate the highest common divisor of 38958618 and 1266.
1266
What is the highest common factor of 94 and 17045819?
47
Calculate the highest common factor of 2019576 and 10296.
312
What is the greatest common divisor of 1617 and 9634233?
147
Calculate the highest common factor of 53552 and 2144.
16
What is the highest common factor of 1394 and 60418?
34
Calculate the highest common divisor of 228 and 597904236.
228
What is the highest common divisor of 218338596 and 18235?
3647
What is the greatest common divisor of 860 and 2407828?
172
Calculate the highest common factor of 104569 and 6466.
53
Calculate the highest common divisor of 637389 and 76110.
129
What is the highest common factor of 490 and 86127370?
70
What is the highest common factor of 74586 and 248186?
62
Calculate the highest common divisor of 63282 and 494066.
106
Calculate the greatest common factor of 62884220 and 70.
70
What is the greatest common divisor of 231191 and 29978822?
3167
Calculate the highest common factor of 273696 and 8772.
12
Calculate the highest common divisor of 1970 and 90962780.
1970
What is the highest common divisor of 180 and 1379789280?
180
What is the highest common divisor of 92015 and 34265?
385
What is the highest common factor of 2919 and 1335180?
21
What is the highest common factor of 157239521 and 2362?
1181
Calculate the greatest common divisor of 150 and 